 = 0, 3*l = 2*x - 5*x + u. Suppose -318 = -3*a + l. Is a a composite number?
False
Let f(g) = -g**2 - 10*g + 3. Let m be f(-7). Let k = 57 - m. Suppose 2*p = -k + 695. Is p a composite number?
False
Let m = -1863 - -12970. Is m prime?
False
Suppose 0 = -5*c + 2*p + 539853, 3*c + p - 426100 = -102186. Is c a prime number?
True
Suppose 0*i = -6*i + 1848339 + 382083. Is i composite?
False
Let q(g) = -g**2 + 9*g + 22. Let d be q(8). Let c = 38 - d. Is (-4 + c)*(-6530)/(-8) composite?
True
Suppose 0 = 6*i + 175 - 37. Let n(w) = w**2 + 23*w - 1. Let j be n(i). Is (2 - j/1)/(6/706) composite?
False
Let z(s) = 30*s - 154. Let t be z(5). Is (-74810)/15*-3 - (-1 - t) composite?
True
Is 1 + (-13)/11 + (-6)/((-396)/3566454) a composite number?
False
Let p(i) = -i**2 + 10*i - 16. Let k be p(8). Suppose o + 4950 = 5*n, 2*n - n - 2*o - 981 = k. Is n composite?
False
Let m = -24654 - -24656. Let z(c) = -c**3 + c**2 - c + 5. Let q be z(0). Suppose -3*s = o - 11966, -q*s = -2*s - m*o - 11969. Is s composite?
False
Suppose 4*g + 3*k - 1512287 = 0, -34*k + 39*k - 378076 = -g. Is g composite?
False
Suppose 3*l - 4264 = -3*q + 3845, -q + 8113 = 3*l. Suppose -121*f = -120*f - l. Is f prime?
False
Suppose -5*u - 4*o = -1, -4 = -u + 5*o + 2. Suppose -2*z - 5*l = -4*z + u, -4*z + 13 = l. Suppose z*b = -2*i + 1100 + 3305, 0 = 2*b - i - 2946. Is b prime?
True
Suppose -3*q + 5*q - 34 = 0. Suppose 7*r + 20 = q*r. Is 0 + ((-4)/((-12)/495) - r) prime?
True
Let a = 62 + 8. Let m be 168/a*2060/(-3). Let f = -963 - m. Is f a prime number?
False
Let l = 87 + -80. Suppose -16 = -3*h - l. Suppose -h*a - 65 = -4*a. Is a composite?
True
Let z be (57428 - -14)/(1*2). Suppose 8*q + 3*q = z. Is q a composite number?
True
Suppose 363*i - 356*i = 284711. Is i prime?
False
Let u = 14677 + 13446. Is u a composite number?
False
Is 1846/(-13)*-525 - (-9 + -2) a composite number?
False
Is (7 + -10)*-50873 + -8 - 0 a composite number?
True
Let m = 127020 + 65287. Is m composite?
False
Let f(l) = 7 + 6 + l**3 - 10 + l**2 - 5*l. Let d be f(2). Suppose 5*g = -d*z + 200, -z + 117 = 3*g + z. Is g a composite number?
False
Let f(d) = 29295*d - 1304. Is f(7) composite?
False
Let k = 49 - 49. Is (k - 1541)/(-9 + 8) a prime number?
False
Suppose 90*z = 91*z - 4. Suppose -z*q + 4*j - j + 5182 = 0, 4*q = 5*j + 5178. Is q composite?
False
Let y(f) = 2309*f**3 + f**2 - 1. Let g = 163 - 162. Is y(g) a prime number?
True
Suppose 3527 = -x + 4*s, -6*x + x + 4*s = 17715. Let m be (x + -1)*9/(-6). Suppose 0 = -z - 5*z + m. Is z composite?
False
Suppose 10*c = 12*c - 1280. Suppose 120 = 2*i + c. Let a = 69 - i. Is a prime?
False
Is ((-114045)/12 + -6)*-4 a prime number?
True
Suppose 0 = -2*w - 2*w + 12. Let t(f) = -214*f - 23. Let h(a) = -107*a - 12. Let p(u) = w*t(u) - 5*h(u). Is p(-4) a composite number?
False
Suppose -33 = -o - 21. Is (-6)/(-4)*28744/o composite?
False
Let o = 46479 + 15794. Is o prime?
True
Let b(c) = c**2 - 19*c + 22. Let g be b(18). Suppose -791 = -g*x + 413. Let d = -170 + x. Is d composite?
False
Let u(d) = -2*d + 24. Let s be u(6). Suppose w - 42 = -s. Suppose w*k = 35*k - 1895. Is k a prime number?
True
Let d be (-2751)/(-1 - 0 - (-7)/(-14)). Suppose -10*f + d + 1556 = 0. Is f a composite number?
True
Let u(g) = 12718*g - 4743. Is u(48) prime?
False
Suppose 3*v + 2*p - 220 = v, 330 = 3*v + p. Let h = v + 188. Is h a composite number?
True
Let l = -5329 + 95924. Suppose -8*c + l = -3*c. Is c prime?
True
Let i = 2745 + -2754. Let n be 0 + -1 + 2 + -4. Is n/i*(-1431)/(-9) composite?
False
Let s(l) = -l**2 + 8*l + 20. Let u be s(10). Suppose -m + 4*w + 14 = u, -3*m - 7 = 4*w - 1. Let f(a) = 281*a + 3. Is f(m) a prime number?
False
Let c be 617 + (7 + -3 - 1) + -3. Let n = c - 366. Is n*1/(2/2) a composite number?
False
Let g(x) = x + 31. Let f be g(-18). Suppose 5*m - 20 = 5*o, -4*o + f - 1 = 3*m. Suppose 2*i - i - 2 = o, 5*i + 1314 = 4*c. Is c a prime number?
True
Suppose -3*a - 1440 = 7*a. Let q = -135 - a. Suppose 0 = q*g + 3674 - 13403. Is g a composite number?
True
Let p be (-4)/(-7) + (-15467)/7. Let k = p - -3128. Is k a prime number?
True
Suppose -3*m + 22324 + 20526 - 7708 = 0. Is m prime?
False
Let l(a) = 40 - 30 + 10*a + 19*a**2 + 14. Is l(-5) a prime number?
True
Let u(c) = 24423*c**2 - 43*c + 127. Is u(3) prime?
False
Let n(a) be the second derivative of 121*a**4 + 5*a**3/2 + 29*a**2/2 - 118*a. Is n(-2) a prime number?
True
Suppose -85*m = -13*m - 288. Let k(a) = -21*a - 1. Let c be k(-2). Let q = c - m. Is q a composite number?
False
Let g(u) = u**2 + 6*u - 11. Let f be g(5). Let s be (-2 + 3)*(-102)/(-2). Let j = s - f. Is j a composite number?
False
Suppose 3*f - 4*j = 8, 5*f - 11 = 5*j + 4. Suppose 2*n + 2*v = -77 + 375, -n - f*v + 149 = 0. Suppose -3*h = -2*h - n. Is h composite?
False
Let h = -66 - -66. Suppose -4*x + 408 = 2*s - 1602, h = -4*s - 4*x + 4028. Is s prime?
True
Suppose -33*l + 60 = -31*l. Let d = -9 - -13. Is d/24 - (-2575)/l a prime number?
False
Suppose -z + 32*k + 253249 = 28*k, z + 5*k = 253303. Is z composite?
False
Suppose -6*u + 3 + 15 = 0. Let s(p) = 20*p**2 - 14 + 17*p**2 - p**u + p + 0*p - 19*p**2. Is s(12) a composite number?
True
Let q be -9484*(-1 + 5/10). Suppose -12*u + q = -10*u. Is u a composite number?
False
Let h = 160 - 157. Is (-1 - (-589)/h)/((-116)/(-1914)) a prime number?
False
Is -13 + (-37)/((-74)/57840) a prime number?
False
Let v(f) = 2*f**3 - 23*f**2 + 12*f + 25. Let a be v(11). Let k = a + -51. Is (-3)/k + (-13608)/(-10) a prime number?
True
Is 98674*(-17)/(-17) - 11 composite?
False
Let m(t) = 5*t**2 - 13*t - 11. Let g = 8 - -28. Let p be (14/(-3))/((-12)/g). Is m(p) prime?
True
Let l(k) = k**3 - 30*k**2 + 18*k - 1. Let s be l(23). Let a = -1753 - s. Is a a composite number?
True
Let k = -70467 - -104666. Suppose -14*z + k = -3*z. Is z composite?
False
Let w(o) be the second derivative of o**4 + o**3/6 - o**2 - 39*o. Let n be w(1). Suppose -85 = -n*j + 960. Is j a prime number?
False
Let c = 15 + -2. Suppose 2*v = -2*h + 5436, h + 2724 = 2*h + 4*v. Suppose 9*k = c*k - h. Is k composite?
True
Let l(g) = -14 + 103*g**2 + 10*g - 49*g**2 - 52*g**2. Let a(j) = -j**2 + j - 4. Let t be a(3). Is l(t) composite?
True
Let g(n) = n**3 + 22*n**2 - 21*n - 17. Let w be g(-23). Is (-34727)/w - (-4)/(-18) prime?
False
Suppose 29*b = 9*b + 1214969 + 6394131. Is b a composite number?
True
Let s = -327131 - -498280. Is s a composite number?
True
Suppose 47*u - 13320612 = -151*u - 126*u. Is u a prime number?
True
Suppose -4*q - 66 = -7*q. Let w(c) = 153*c - 23. Let g be w(3). Is (11/q)/(2/g) a composite number?
False
Suppose 11 = -5*x + 2*o + 3, 4*x = 4*o - 16. Suppose x*r - 3114 = -5*f + r, 5*f = 5*r + 3110. Suppose -5*i + 102 = -f. Is i a prime number?
False
Let i be (-44)/(-55)*(-2 - -6517). Suppose -z + i = -427. Is z a composite number?
False
Let l(n) = n**3 - 7*n**2 + 14*n + 10. Let h be l(7). Suppose 7*k - h = -2*k. Is (-26230)/(-16) - k/32 composite?
True
Suppose 1052876 = 11877*b - 11873*b. Is b prime?
False
Suppose -2*z - 10 = -2, -5*z - 245 = 5*y. Suppose 2*k + 2*f + 3*f + 82 = 0, k - 3*f = -41. Let q = k - y. Is q composite?
True
Is (-38)/(-76)*4 + (1 - -118094) a prime number?
False
Suppose 6*n - 203 = 151. Let x = 43 - n. Is 389/4 - (-4)/x a prime number?
True
Suppose 29*q - 753923 = 802768. Suppose 3*n - 3*g = q, -2*g + 0*g = 5*n - 89451. Is n composite?
False
Suppose 6*u - 9*u + 21 = 0. Suppose 41062 = -u*t + 21*t. Is t a composite number?
True
Let d(q) = -6*q - 22873. Let r(k) = -5*k - 22870. Let h(y) = -7*d(y) + 6*r(y). Is h(0) a composite number?
True
Suppose 4980 = 6*m - 12654. Is m composite?
False
Let w(u) = 29 - 861*u - 39 - 55 + 181*u. Is w(-12) prime?
False
Let b = 968050 - 396113. Is b a prime number?
False
Suppose 4*o - 24 = -7*x + 3*x, x = 2*o + 3. Is 6627 + (-12 - -8) + (o - 1) composite?
True
Let x(c) = 978*c**2 + 8*c + 7. Suppose -v + 2 = 5*l - 1, v = -l + 3. Suppose 5 = -8*b - v. Is x(b) a composite number?
False
Let c(v) = -4*v + 2*v + 169 + 361 + v**3. Let b be c(0). Let o = b - -425. Is o composite?
True
Let u be ((-341670)/(-315))/((-1)/(-3)). Let t = 920 + -365. Let x = u - t. Is x composite?
False
Suppose -470*k + 505*k = 5896422 + 1351063. Is k composite?
True
Let q(j) = -2*j**2 - 14*j - 11. Let u be q(